5 = -x*t. Calculate the remainder when g is divided by 6.
1
Suppose -4*p + 142 = 2*z, 0 = 43*p - 38*p + 4*z - 176. What is the remainder when 141 is divided by p?
33
Suppose -r - 87 - 91 = -3*g, 2*g - 3*r = 121. Let c = -81 - -48. Let h = c + g. Calculate the remainder when 102 is divided by h.
24
Let q = 44 + -23. Let f = -106 + 107. Calculate the remainder when f + (-4 + 7)/3 + 80 is divided by q.
19
Let r be (-1315)/10*(-2 - 0). Let b = -152 + r. Suppose -v + 4*v = b. Calculate the remainder when v is divided by 13.
11
Let b be 1*(-5)/(5/(-12)). Suppose a - b = -9. Suppose a*q + 2*q = 65. Calculate the remainder when 25 is divided by q.
12
Calculate the remainder when 213 is divided by (-20)/5 + (-9 - -25).
9
What is the remainder when 82 is divided by (-99 + 96)*(-11)/3?
5
Let p(k) = 10*k + 3. Let m be p(1). Let v(x) = -x - 12. Let o be v(m). Let t = o + 29. Calculate the remainder when t is divided by 4.
0
Let t(l) = l**3 + 15*l**2 + 5*l - 15. Let s be t(-15). Suppose -5*o + 184 + 46 = 0. What is the remainder when o is divided by (-81)/(-5) + -3*(-6)/s?
14
Suppose 8*y - 1128 = 64. Calculate the remainder when y is divided by 51.
47
Suppose 4*w = -g + 48, 10 = 5*w - 10. Calculate the remainder when g is divided by 11*(-2 + 7 + -4).
10
Suppose 108 = 16*j - 324. What is the remainder when j is divided by 7?
6
Let l be 70*(-2 + (-6)/(-5)). Calculate the remainder when (-2)/(6/(-21) + (-9)/l) is divided by 7.
2
Let u(m) = 2*m**2 + 4*m - 1. Let g(c) = 4*c**2 - 5*c + 1. Let l be g(5). Suppose 0 = -4*s - 0*s + l. What is the remainder when s is divided by u(-3)?
4
Suppose 2*u = -8*q + 13*q + 47, 0 = 5*u + 4*q - 134. Calculate the remainder when u is divided by 7.
5
Let z = -1858 + 2518. Calculate the remainder when z is divided by 17.
14
Suppose 343 = 2*q + 3*a, -q + a - 4*a + 170 = 0. What is the remainder when q is divided by 44?
41
Let t(c) = -2*c**3 - 8*c**2 - 3*c + 4. Suppose -2*z - u - 7 = 0, -3 = -u - 0. Let o(b) = 2*b**2 - 5. Calculate the remainder when o(z) is divided by t(-4).
13
Suppose 0 = 4*s + s - 20. Suppose -c = 4*q - 9, 3*c + 5 = -s. What is the remainder when 15 is divided by q?
0
Let h(c) = 2*c + 22. Let d be h(-6). Suppose d*o - 48 = 4*o. Calculate the remainder when o is divided by 5.
3
Suppose -6*l = -2*l - 296. What is the remainder when l is divided by 11?
8
Let i = -2 - -12. Suppose 0 = 3*y + 2*y - i. Suppose -y*m = -w - 19, -2*w + 15 = -5*w. Calculate the remainder when 19 is divided by m.
5
Let x = 224 - 58. Calculate the remainder when x is divided by 26.
10
Let g = 81 + -18. What is the remainder when 158 is divided by g?
32
Let g(f) = 2*f + 6. Let k be g(-8). Let d = -7 - k. What is the remainder when 45 is divided by (d/6)/((-5)/(-160))?
13
Let g = -32 + 39. Suppose -g*u - 82 = -229. Calculate the remainder when 81 is divided by u.
18
Let p = 106 - 37. Calculate the remainder when p is divided by 38.
31
Suppose 2*n - n = -2*j, -5*n - 18 = j. Suppose 4*x + 5*o = 39, 3*x - j*x - o = 21. What is the remainder when 60 is divided by x?
12
Let g be (0 - (-5 - -3)) + -21. Let s = -9 - g. Let u = -1 + 7. What is the remainder when s is divided by u?
4
Suppose -3*u = 27 - 12. Let w be (-216)/(-40) - (-2)/u. Let v = w + 26. Calculate the remainder when v is divided by 17.
14
Let q(g) = -g**3 - 33*g**2 + 32*g + 24. What is the remainder when 821 is divided by q(-34)?
85
Suppose -312 = -o - o. Suppose 3*w - 51 - o = 0. What is the remainder when w is divided by 12?
9
Let i(y) = y**3 + 8*y**2 - 6*y + 10. Let z be i(-9). Let b be (-6)/6 + (-6)/(-2). What is the remainder when 65 is divided by (z/3)/(b/(-6))?
14
Suppose 3*i + 360 = 2*y, -20*y - 5*i = -18*y - 328. Calculate the remainder when y is divided by 174.
0
Let t(j) = j**2 + 9*j. Let d be t(-15). Let l = -59 + d. Calculate the remainder when 58 is divided by l.
27
Suppose 3*h + 25*q = 29*q + 9, -3*q = -3*h + 9. What is the remainder when -1*-1*5/1 is divided by h?
2
Let h(d) = -d**3 + 7*d**2 - 8*d + 4. Suppose 4*z - 10 = -3*s - 3, -s + 3 = z. What is the remainder when h(s) is divided by 8?
6
Let f(i) = 2*i**3 - 11*i**2 - 15*i - 21. Let d(x) = x**3. Let t(g) = -3*d(g) + f(g). What is the remainder when 144 is divided by t(-10)?
28
Let h = -768 - -834. What is the remainder when 323 is divided by h?
59
What is the remainder when (209/22)/(19/18 - 1) is divided by 44?
39
Let m be ((-3)/6)/(8/(-304)). Suppose 0 = 2*n - 82 - 216. Calculate the remainder when n is divided by (m/3)/(8/48).
35
Suppose -6*b + 1004 = -136. Let j = b + -108. Calculate the remainder when j is divided by 14.
12
What is the remainder when ((-6)/4)/(4*6/(-928)) is divided by 17?
7
Let t = -8 - -32. Suppose 0*b - t = -2*q + 4*b, 3*b = 3*q - 42. What is the remainder when 94 is divided by q?
14
Let n = 14 + -19. Calculate the remainder when 14 is divided by 0 + ((-6)/n)/(9/30).
2
Let f(y) = 13*y**2 - 1. Suppose z = 5*p + 21, 0 = p + 2 - 1. Suppose o = d - z, 7*d - 2*o - 86 = 2*d. What is the remainder when f(2) is divided by d?
15
Let b(h) = h**3 + 10*h**2 - 7*h - 137. Calculate the remainder when 107 is divided by b(-9).
2
Suppose 0 = 4*o + j + j - 324, -5*j + 72 = o. Suppose 0 = -3*w - o + 4. Let v = w - -52. Calculate the remainder when v is divided by 9.
8
Let a(q) = 21*q**2 + 6*q + 2. What is the remainder when a(2) is divided by 25?
23
Suppose -4*h + 55 = h. Let n be 30/6*38/10. Let z = n - -12. Calculate the remainder when z is divided by h.
9
Suppose 7*q = 444 - 80. Calculate the remainder when 148 is divided by q.
44
What is the remainder when 27 is divided by 6 + (2 - (-4 - 3))?
12
Suppose -3*g = -5*g - 28. Let u be (6/(-5))/(g/(-35)). Calculate the remainder when 55 is divided by 2 - (7 + u + -21).
17
Suppose -148 = -5*q + 4*k, 5 = -q - 5*k + 23. Let f = -11 + q. Calculate the remainder when 64 is divided by f.
13
Suppose 26*f = 28*f - 52. Calculate the remainder when 569 is divided by f.
23
Let o = -70 + 76. Calculate the remainder when 7 is divided by o.
1
Let w(b) = -4*b + 31. Let j be w(7). Suppose j*t + h + 12 = 118, 0 = -t - 2*h + 37. What is the remainder when 139 is divided by t?
34
Let l(w) = w**2 - 3*w + 5. Let q(y) = -y**3 + 3*y**2 - y - 18. Let f be q(-5). Let r = f - 113. What is the remainder when r is divided by l(5)?
14
Let v be 24/5 - (-3 - -8)/(-25). Suppose -2*t + 150 = v*m - 7*t, -t = -2. What is the remainder when 93 is divided by m?
29
Let o = -25 - -46. Let p be (52/91)/(2/119). Let f = p - o. What is the remainder when 89 is divided by f?
11
Let f(r) = -r**3 - 3*r**2 - r - 1. Let y be f(-3). Suppose y*c - 25 = -3*i, 4*i - 75 = -i + 5*c. What is the remainder when 64 is divided by i?
9
Suppose 136 = 217*c - 213*c. What is the remainder when 76 is divided by c?
8
Let a = 463 + -307. Suppose a = 5*m + m. What is the remainder when m is divided by (1 - -1) + 28/4?
8
Calculate the remainder when 205 is divided by -6*(-8 - (99/2)/(-9)).
10
Let j(p) = -p**2 - 10*p - 13. Let u be j(-8). Suppose z = 3*d + 4*z + 3, -u*z - 9 = -3*d. Suppose -d - 14 = -5*m. What is the remainder when 7 is divided by m?
1
Suppose 486 = 10*o - 13*o. Let h = -76 - o. What is the remainder when h is divided by 22?
20
Let l = 11 - 9. Suppose 0 = 2*t - 8 + l. Suppose -d = -4*q - 3*d + 30, 0 = -t*d + 15. Calculate the remainder when 8 is divided by q.
3
Suppose 3*y - 10 + 10 = 0. Suppose p - 9 = 2*k, -p - 3*k + 12 + 2 = y. What is the remainder when 76 is divided by p?
10
Suppose -2*k + 20 = 3*k. Let y be (6/k)/((-6)/(-12)). What is the remainder when 18 is divided by (-10)/y*(-4 - -1)?
8
Let h(u) = u**2 - 23*u - 39. Calculate the remainder when h(28) is divided by 26.
23
Let o(x) = 2*x**2 + 3*x - 4. Let d = -43 + 39. Calculate the remainder when o(d) is divided by 3.
1
Let f be 5/10 + (-129)/(-6). Let y = f - 6. Calculate the remainder when 30 is divided by y.
14
Suppose -3*y - q = -39, 4*y + 3*q - 38 = 19. Calculate the remainder when 129 is divided by y.
9
Calculate the remainder when ((-65)/(-39))/((-664)/222 - -3) is divided by 22.
9
Suppose 0 = 2*i + z - 106, -3*i + 15*z - 14*z + 154 = 0. What is the remainder when i is divided by 9?
7
Let k(x) = -3*x**3 + 170*x**2 + 55*x + 123. What is the remainder when 15 is divided by k(57)?
6
Let g be (-1)/(1*(-1)/2). Suppose -o + 230 = 4*n + 4*o, g*n + 4*